67*j + 100 - 380 - 55. What is d(j)?
29
Let r(y) = 21282 + 42*y - 21278 + 0*y**2 - 4*y**2 + 6*y**2. Determine r(-21).
4
Let h be (20 + -17 - 7) + 2. Let r(c) be the third derivative of -c**6/20 - c**5/20 - c**4/24 - c**3/3 - 2*c**2. What is r(h)?
36
Let h be (-7)/(((-18)/3)/(-6)) + 6. Let k(w) = -92*w**3 + w. Give k(h).
91
Let f(v) = -213 + 440 + 4*v + 472*v - 223 - 7*v**2. Determine f(68).
4
Let b(m) be the third derivative of m**5/60 + 5*m**4/24 - 17*m**3/6 + m**2 + 904*m. Determine b(7).
67
Let z(m) be the third derivative of m**6/120 - m**5/20 - m**4/12 + m**3 + 19*m**2 - m - 5. Calculate z(-2).
-10
Let r(p) = 122*p + 20. Let t(m) = -173*m - 28. Let j(h) = 17*r(h) + 12*t(h). Suppose -5 = -3*g + 10. Calculate j(g).
-6
Let c be (2 + -10 - (-135)/18)*-2. Let q(x) be the second derivative of -x**4/4 - x**3/2 + 3*x**2/2 + 4*x. Calculate q(c).
-3
Let u(t) = -t**2 - 51*t - 52. Let a(z) = -3*z**2 - 103*z - 731. Let f be a(-10). What is u(f)?
-2
Let v(f) = 46*f + 7 - 22*f - 44 + f - 19*f. Determine v(9).
17
Let o(b) = 44*b - 1720. Let i be o(39). Let a(g) = 14*g + 8. Calculate a(i).
-48
Let s be (-3 + 2)*(-107 - 6). Let f = -73 + s. Suppose f = 48*n - 53*n. Let j(l) = -l**3 - 9*l**2 - 6*l - 5. Determine j(n).
-21
Suppose 21*n - 19*n = 56. Let v(t) = -14*t**3 + t - n*t**3 - 14 + 4*t**3 + 20 - 7. What is v(1)?
-38
Let y(f) = 117*f - 1. Let t(j) = 364*j - 2. Let x(m) = -t(m) + 3*y(m). Let k be 1/(2/((-4)/1)). Calculate x(k).
25
Let l(g) = -5*g**2 + g - 2. Let n(t) = 14*t**2 - 11*t - 6. Let q(c) = 3*l(c) + n(c). Calculate q(-6).
0
Let t(z) = 2*z + 25. Suppose 17*y - 124*y - 1098 = 15*y. Determine t(y).
7
Let u(w) = w**3 + 7*w**2 + 14*w + 10. Let a be u(-4). Let t(l) = -18*l + 1 + 18*l + l**a + 2*l**3 + 0 + 4*l. Determine t(-2).
-19
Let h(f) = -186*f - 532 + 371*f - 180*f - f**2 + 549. Determine h(13).
-87
Let c(l) be the third derivative of l**4/24 - 3*l**3/2 - l**2. Let b = 27507 - 27492. Give c(b).
6
Let f(r) = -r**2 + 971. Let k be f(0). Suppose 399 = -q + 1371. Let h(n) = 1 - 2*n + k*n**2 + 0 - q*n**2. What is h(-4)?
-7
Let q be (8/(-30))/((-1280)/4000). Let w(y) be the third derivative of 1/12*y**4 + 0*y + q*y**3 - 10*y**2 + 0. Give w(-6).
-7
Let n(y) = y - 5. Suppose m - 6 = 8*w - 23, -3*w = 2*m - 23. Give n(w).
-2
Let w(s) = s**3 + 3*s**2 + 4. Suppose 264 = 21*p + 12*p. Suppose 3*b + p = -g, -3*g + 3 = 4*b + 7. What is w(b)?
-12
Let v(s) be the third derivative of 0*s + 1/24*s**4 + 1/20*s**5 + 0 - 51*s**2 - 2/3*s**3 + 1/120*s**6. Calculate v(-3).
-7
Let p(d) = -2*d - 59. Suppose 0 = -4*b - 4 + 24, 0 = 3*n + 2*b + 74. Determine p(n).
-3
Let v(h) = h + 13. Let i be v(0). Let y = 9 + i. Let o(c) = -2*c - 22 + y. Determine o(-6).
12
Let j(o) = o**3 - 10*o**2 - 29*o + 5. Let f be (-6)/((462/(-28))/33). What is j(f)?
-55
Let p(z) be the first derivative of z**4/4 + 2*z**3 + 3*z**2 + 9*z - 55. Let n be p(-5). Let d(r) = -4*r + 4*r**2 - 1 - 6*r**2 + 3*r**2. Calculate d(n).
-1
Let n(a) = a**3 + 4*a**2 + 4*a + 2. Let z be (-522)/(-48) - 2/(-16). Let g(w) = -2*w - 31 - 6 + z - 22. Let l be g(-23). Give n(l).
2
Let q be -1 + -2 + (-18)/(-2). Let d(s) = -25712*s - 25716*s + 51427*s. Determine d(q).
-6
Let d(l) = l**3 - 49*l**2 - 211*l - 52. Let p be d(53). Let c(v) = 23*v**3 + 5*v**2 - v - 3. What is c(p)?
24
Suppose 17 = l - 4*i, -3*l - 3*i = -7*l + 16. Let r be l + 2*(29 - 2). Let o(k) = k**3 - k**3 - 5 + r*k**2 + k**3 - 51*k**2. Determine o(-4).
-5
Let y(p) = -4*p + 2. Suppose 2*s + 28 = -x + 3*x, -2*s - 46 = -4*x. Suppose 3*h = x*h. Suppose h = -2*a + 3*u + 3 - 8, -2*a - 3*u + 13 = 0. Calculate y(a).
-6
Let q(h) = 29*h**2 - 30*h**2 + 1 - 4277*h + 4275*h. Determine q(2).
-7
Suppose -45*z = -15*z - 390. Let u be (z - 11)*(-21)/6. Let l(w) = -2*w - 16. Determine l(u).
-2
Let d(u) = -11*u - 151. Suppose -87*b = 778 + 353. What is d(b)?
-8
Let i = 6503 - 6496. Let n(z) = -3*z + 1 + 1 + z. What is n(i)?
-12
Let s(j) = -j + 3. Let k(x) = x**2 + 6*x - 54. Let g be k(5). Let y(q) = 3*q - 10. Let h(l) = g*y(l) + s(l). What is h(6)?
5
Suppose -25 = 2*t + 3*w - 77, 0 = -3*w + 12. Suppose 0 = y - 5*y + t. Let u(h) = 13*h - 11. Let k(q) = -7*q + 6. Let i(x) = 11*k(x) + 6*u(x). What is i(y)?
5
Let h(t) = t**2 - 18*t - 61. Let i be h(21). Let g(z) = -3 + 1 - 2 + 2*z. Calculate g(i).
0
Let a(p) be the second derivative of -69 - 1/12*p**4 - 1/2*p**2 + 4/3*p**3 + p. Suppose 3*u - 4*b - 9 = 0, 3*u - 31 = -u - b. What is a(u)?
6
Let a(o) = -5*o - 81. Let x(n) = 11*n + 177. Let f(s) = -13*a(s) - 6*x(s). Calculate f(-10).
1
Suppose -832*d = -898*d - 528. Let x(l) = -l**3 - 8*l**2 - 2*l - 4. What is x(d)?
12
Let o = 36644 - 36647. Let g(m) = -m**3 - 3*m**2 - 2*m - 8. Give g(o).
-2
Let m be -1 - -4 - -1*1. Let a(x) = -17*x**2 + 39*x + 74. Let k(j) = -5*j**2 + 12*j + 21. Let s(o) = -2*a(o) + 7*k(o). What is s(m)?
7
Suppose 3 = -4*b - 13. Let a(q) be the first derivative of -q**2/2 + 5*q + 18. Let l(n) = n - 5. Let t(j) = b*a(j) - 5*l(j). Give t(5).
0
Let j(w) be the first derivative of 6*w**2 - 56*w + 18. Let z(v) = v - 4. Let i(q) = -2*j(q) + 28*z(q). What is i(6)?
24
Suppose 0*v + 5*k = -v + 6, 0 = 4*k. Let s be 142/4 + v/(-4). Suppose -t + 7 = 2*p, -2*t - s = -2*p - 2*p. Let g(n) = -4*n + 2. Determine g(p).
-22
Let m(y) = y**3 + y**2 + y - 8. Let x(k) = 4*k**2 + 13*k + 3. Let g be x(-3). Let v be m(g). Let w(s) = -s + 7. Give w(v).
15
Let z(q) = -q**3 - q - 2. Suppose -2*l = -4*l + 2, -12 = 4*n - 4*l. What is z(n)?
8
Suppose -2*r + 6 = -t, -4*r + 4*t + 4 = -r. Let w(s) = 117*s**2 + 119*s - 519. Let h(y) = -7*y**2 - 7*y + 31. Let x(v) = -67*h(v) - 4*w(v). Calculate x(r).
-13
Let l(x) = -x - 4. Let b(m) = 6*m + 20. Let r = 25 - 23. Let j be (-1 - 18/(-10))/(r/(-5)). Let d be b(j). Calculate l(d).
-12
Suppose 0 = m - 18*i + 17*i - 32, 2*i = -6. Let h(w) = -6*w - m - 31 + 63. Determine h(4).
-21
Let t(a) = a**2 + 2*a - 5. Let h = -36 - -36. Let q(x) = -x - 2. Let p be q(h). Let c be p + -7 + 1 + 3. Calculate t(c).
10
Let l(b) = -b**3 - 6*b**2 - 3*b - 3. Suppose -1018 = 4*t - 2*x, 0*x = -2*t + 2*x - 514. Let k = 247 + t. What is l(k)?
-13
Let l(z) = 2*z**2 - 5*z - 3. Let v be 11 + (-12 - (-33)/11). Let t be 4/(-2) - -7*2. Suppose w + v*w - t = 0. Calculate l(w).
9
Let t(w) be the second derivative of w**5/20 + 5*w**4/6 + 3*w**3/2 + 5*w**2 - 2350*w. Give t(-9).
10
Suppose 0 = -295*m + 205*m + 450. Let x(t) = 2*t**3 - 9*t**2 - 11*t + 22. Give x(m).
-8
Let w be ((-14)/10)/((-4)/20). Suppose 4*n - 13 = 3*p, -n - w = p - 3*n. Let l(j) be the third derivative of -j**4/12 - j**3/6 - 37*j**2. Determine l(p).
-3
Let v(q) be the third derivative of -q**4/6 - 2*q**3/3 - 2*q**2. Let i be (-5 - -9)*(-10)/4. Let o(y) = y**2 + 12*y + 17. Let t be o(i). Calculate v(t).
8
Suppose 7*a - 24 = a. Suppose 3 = x + a. Let c(l) = -2*l - 2. What is c(x)?
0
Let x(k) = 35 + 21 - 8*k - 115 + 42. Calculate x(-5).
23
Let p(k) be the second derivative of k**5/20 + k**4/2 + k**3/2 + 2*k**2 - k. Let u = 1425 - 1421. Suppose -4*f + u = 0, 61*q + 2 = 62*q + 5*f. Determine p(q).
22
Let p(w) = 4*w**2 + 142*w - 7. Let y(b) = -29*b - 1. Let v(m) = -p(m) - 5*y(m). Determine v(-5).
-103
Let p(o) = -11*o**3 + 18*o**2 - 10*o - 23. Let t(u) = 31*u**3 - 53*u**2 + 27*u + 70. Let i(c) = -17*p(c) - 6*t(c). Give i(-11).
4
Let p(i) = -i + 2. Let s(w) = 6*w**2 - 3*w + 3. Let m be s(3). Let b = -25 + m. Let q = 19 - b. Give p(q).
6
Let y(z) = 16*z - 1 - 8 - 2*z + z**3 - 8*z**2. Let n be y(6). Suppose t + 5*o + 24 = 0, 18 = 3*t - 0*o - n*o. Let j(i) = 4*i + 1. Give j(t).
5
Let y(t) be the second derivative of -19*t**4/12 + t**3/6 - t**2/2 + 6*t. Suppose 4*x = 5*z + 15, 19*z + 4*x - 22 = 17*z. Determine y(z).
-19
Suppose 3*g + 4*h + 13 = 0, -h - 3 = 5*g + h. Let i be (-7 + 120/18)*-9. Let w(q) = 4*q**i + 1528*q - q**2 - 1 - 1526*q - 23*q**3. Determine w(g).
-19
Let p = -1035 - -1033. Let o(y) be the second derivative of y**4/12 - y**3/6 - 11*y. Calculate o(p).
6
Suppose -4*o + 0*o = -28. Let r(j) = -j - j**2 + 0*j - o - 8*j + 0*j. Suppose 0 = -i - t - 4, 2151*t = -3*i + 2149*t - 16. Determine r(i).
1
Let f(d) = d. Let o(y) = y + 27. Let u(v) = 7*f(v) - 3*o(v). Determine u(20).
-1
Let a(v) = -14*v**2 - 7*v + 10. Let g(h) = 19*h**2 + 6*h - 6. Let m(j) = -4*a(j) - 3*g(j). Calculate m(5).
3
Let f(b) = -b + 4. Let h(x) = 4*x + 11. Let